1941.
189
Calculate the highest common factor of 22678 and 14467.
391
What is the greatest common factor of 34800 and 1000?
200
Calculate the highest common divisor of 2700 and 7180.
20
Calculate the greatest common factor of 18 and 1579113.
9
What is the greatest common factor of 4624 and 153?
17
What is the greatest common factor of 46546 and 74?
74
Calculate the greatest common factor of 3857 and 1463.
133
Calculate the highest common factor of 718982 and 3872.
242
What is the greatest common divisor of 1469 and 208?
13
Calculate the greatest common factor of 64277 and 17512.
199
What is the highest common divisor of 226192 and 128?
16
What is the greatest common factor of 884892 and 4?
4
What is the highest common divisor of 1581 and 5019148?
527
What is the greatest common divisor of 308 and 273273?
77
Calculate the highest common factor of 2760 and 3720.
120
Calculate the highest common divisor of 90 and 161622.
18
Calculate the highest common factor of 112360 and 160.
40
Calculate the greatest common divisor of 14672 and 475268.
524
What is the highest common factor of 2885 and 55?
5
Calculate the highest common divisor of 9591 and 12510.
417
Calculate the highest common divisor of 3230 and 30.
10
Calculate the greatest common factor of 132762 and 84.
42
What is the highest common divisor of 24 and 20532?
12
What is the greatest common divisor of 100 and 2192?
4
What is the highest common divisor of 8413 and 179?
179
What is the highest common factor of 426 and 158259?
213
What is the highest common divisor of 32720 and 240?
80
Calculate the greatest common factor of 6071 and 104.
13
What is the greatest common factor of 30586 and 101456?
746
What is the highest common divisor of 55 and 75152?
11
What is the highest common factor of 112 and 37310?
14
Calculate the greatest common factor of 8090 and 50.
10
Calculate the greatest common factor of 14 and 326641.
7
What is the highest common factor of 14694 and 162?
6
What is the greatest common divisor of 2479 and 13333?
67
Calculate the highest common factor of 347 and 1316171.
347
Calculate the highest common factor of 17 and 2129046.
17
Calculate the greatest common divisor of 29445 and 5135.
65
What is the greatest common factor of 292 and 11315?
73
Calculate the greatest common divisor of 140 and 403718.
14
Calculate the highest common divisor of 2465 and 82070.
145
Calculate the highest common divisor of 57685 and 7885.
415
What is the greatest common factor of 3009849 and 241?
241
What is the greatest common divisor of 180 and 214920?
180
What is the greatest common divisor of 564152 and 776?
776
What is the greatest common divisor of 45288 and 600?
24
What is the greatest common divisor of 3570 and 22491?
357
What is the greatest common divisor of 934 and 22?
2
Calculate the greatest common divisor of 4297 and 2.
1
Calculate the highest common divisor of 2268 and 29736.
252
What is the highest common factor of 153 and 263058?
51
Calculate the greatest common factor of 98865 and 234.
117
Calculate the greatest common divisor of 198 and 1354221.
99
Calculate the greatest common divisor of 8304 and 336.
48
Calculate the greatest common divisor of 54164 and 220.
44
Calculate the highest common divisor of 3192 and 14136.
456
Calculate the greatest common factor of 14250 and 660.
30
Calculate the greatest common divisor of 81 and 349749.
9
What is the greatest common factor of 8144 and 2320?
16
What is the greatest common divisor of 54 and 543321?
27
Calculate the greatest common divisor of 138 and 1058.
46
Calculate the highest common divisor of 546 and 5558826.
546
What is the highest common factor of 28105 and 219?
73
Calculate the greatest common factor of 2958585 and 105.
105
Calculate the greatest common divisor of 154 and 169246.
154
Calculate the greatest common divisor of 81507 and 100875.
807
What is the highest common divisor of 1239012 and 1016?
508
Calculate the highest common factor of 288 and 584640.
288
Calculate the highest common divisor of 11313 and 27.
27
Calculate the highest common factor of 756 and 609.
21
Calculate the greatest common factor of 6642 and 1728.
54
Calculate the greatest common divisor of 2548 and 487648.
196
What is the highest common factor of 9415 and 161?
7
What is the highest common divisor of 141850 and 100?
50
What is the highest common divisor of 730 and 46670?
10
What is the greatest common factor of 539545 and 145?
145
What is the highest common factor of 2052 and 1107?
27
What is the highest common factor of 158 and 6677554?
158
Calculate the highest common divisor of 26 and 1163747.
13
Calculate the greatest common divisor of 1960 and 4774070.
490
Calculate the highest common factor of 368056 and 312.
104
What is the greatest common divisor of 30 and 269070?
30
What is the highest common factor of 153 and 329664?
51
Calculate the greatest common divisor of 66 and 21078.
6
What is the highest common divisor of 6 and 148200?
6
What is the highest common divisor of 265832 and 112?
56
What is the greatest common divisor of 253 and 637537?
23
What is the highest common factor of 1134 and 25956?
126
What is the greatest common factor of 8170 and 12160?
190
What is the highest common factor of 555 and 25813605?
555
Calculate the greatest common divisor of 1955 and 24610.
115
What is the greatest common divisor of 56142 and 2538?
18
What is the highest common factor of 6136540 and 60?
20
Calculate the highest common divisor of 6167798 and 182.
182
What is the greatest common factor of 26878 and 534?
178
Calculate the greatest common divisor of 4964 and 1547.
17
Calculate the greatest common factor of 2482 and 2142.
34
Calculate the greatest common factor of 7 and 179480.
7
What is the greatest common divisor of 116 and 100572?
116
What is the greatest common factor of 1616 and 228058?
202
What is the greatest common factor of 156 and 8788?
52
What is the greatest common divisor of 7490 and 3264142?
1498
What is the greatest common factor of 80 and 548140?
20
What is the highest common factor of 506 and 83030?
46
What is the highest common factor of 9267 and 3?
3
What is the highest common factor of 117 and 174239?
13
What is the greatest common factor of 329109 and 99?
33
Calculate the greatest common divisor of 2815 and 2747440.
2815
What is the greatest common divisor of 24174 and 4896?
306
Calculate the greatest common divisor of 31403 and 9.
1
What is the greatest common divisor of 10 and 348350?
10
Calculate the highest common divisor of 38 and 42958.
2
What is the greatest common factor of 14145 and 805?
115
Calculate the greatest common factor of 342 and 293184.
18
What is the highest common factor of 18722 and 8602?
506
Calculate the greatest common divisor of 50836 and 1074.
358
What is the greatest common factor of 684411 and 1911?
273
Calculate the greatest common divisor of 2315 and 5250420.
2315
What is the highest common factor of 1575558 and 537?
537
What is the greatest common divisor of 3572 and 4332?
76
Calculate the highest common divisor of 94 and 204779.
47
Calculate the greatest common factor of 2267181 and 679.
679
What is the greatest common factor of 288757 and 4331?
71
Calculate the greatest common factor of 3 and 159069.
3
What is the highest common divisor of 8128 and 1524?
508
What is the greatest common divisor of 38913 and 210?
21
What is the greatest common factor of 60 and 10310?
10
What is the highest common divisor of 126 and 405279?
63
Calculate the greatest common divisor of 2420 and 760.
20
What is the greatest common divisor of 18 and 8000208?
18
What is the greatest common divisor of 85063 and 66785?
703
What is the greatest common factor of 81100 and 100?
100
What is the greatest common divisor of 213 and 3282969?
213
Calculate the highest common divisor of 13986 and 17010.
378
Calculate the highest common factor of 278236 and 4788.
532
What is the highest common divisor of 261568 and 64?
64
Calculate the greatest common divisor of 3 and 35913.
3
Calculate the greatest common factor of 10203 and 912.
57
What is the highest common divisor of 156 and 834?
6
What is the greatest common factor of 16 and 1947688?
8
Calculate the highest common divisor of 2628 and 405369.
657
Calculate the greatest common f